b + 8. Let w be x(-4). Give f(w).
1
Let c(i) = -1 - 4*i + 6*i - 2*i**2 - 5*i + 3*i. Determine c(-2).
-9
Let m(b) be the third derivative of -b**5/60 - 3*b**4/8 - 11*b**3/3 + 7*b**2. Let x be m(-6). Let v(p) = p. Calculate v(x).
-4
Let v(p) = -3*p + 4. Suppose -3*w + 4*w = k + 9, -4*k = 2*w + 18. Calculate v(k).
22
Let g(n) be the third derivative of 5/24*n**4 + 0 - 1/60*n**5 + 0*n - 1/2*n**3 + 8*n**2. Suppose -b = 2*b - 15. What is g(b)?
-3
Let u(v) = -11*v**2 + 4*v + 9. Let m(d) = 2*d**2 - d - 1. Let b(a) = 6*m(a) + u(a). Calculate b(2).
3
Let g(r) = r**3 + 4*r**2 + 3*r + 1. Let i(b) be the first derivative of -b**3/3 + 3*b**2/2 - 5*b + 7. Let p be i(4). Let a be (-12)/9 - (-6)/p. Determine g(a).
3
Let w be (48/(-48))/((3/(-3))/(-1)). Let q(y) = 14*y**3 + 2*y**2 - 1. Calculate q(w).
-13
Let c = 155 + -142. Let g(i) = -i**3 + 12*i**2 + 12*i + 19. What is g(c)?
6
Let b(n) = n**2 - 4*n - 2. Suppose o = -2*q + 6, q + o + 29 = 6*q. Suppose -95*p + 94*p = -5. Suppose -v - 4 = -1, -q*j + p = 5*v. Calculate b(j).
-2
Suppose 0 = z - 4*z + 60. Suppose -2*w = 4*f + z, -2*f = -3*f - 3*w. Let d(c) be the third derivative of -c**4/24 - 4*c**3/3 - 27*c**2 + 1. Calculate d(f).
-2
Let z = -299 + 302. Let t(n) = -2*n**2 - 4*n + 6. What is t(z)?
-24
Suppose 5*k + 9 - 24 = 0. Let a(l) = 5*l**2 + 3*l + 3*l + 14*l**3 - 15*l**k - 4. Give a(6).
-4
Let a(b) be the second derivative of -b**5/20 + b**4/2 - 2*b**3/3 - 23*b. Let n(f) = -f - 5. Let o be n(-9). Suppose o*h = -h + 25. What is a(h)?
5
Let s(f) = 3*f - 4. Suppose -86*u + 68*u = -54. What is s(u)?
5
Let h(p) = 4*p - 12. Let t(z) = 2*z - 6. Let n(v) = -3*h(v) + 7*t(v). Let m be n(0). Let u(q) = q + 2. What is u(m)?
-4
Let d = -7355/12 + 613. Let f(s) be the third derivative of -1/2*s**3 + d*s**5 + 0 + 1/120*s**6 - 5/24*s**4 - 9*s**2 + 0*s. Determine f(-6).
-9
Let j(h) = 3*h. Suppose y = c + 1, 11*c - 15*c = 4*y + 28. Give j(y).
-9
Let a(u) = -u**2 + u - 1. Let s = -8 - -3. Let t(d) = 6*d**2 - 5*d + 1. Let f(h) = s*a(h) - t(h). What is f(0)?
4
Let o(k) = k**3 - 2*k**2 + k + 2. Let l(w) = -w**3 - 74*w**2 + 2. Let p be l(-74). Calculate o(p).
4
Let s(q) = 3*q**2 - 3. Let r be s(-3). Suppose -4*t - 4*t = -r. Let g(m) = 4 - 1 - 2*m + 2 - 2. Determine g(t).
-3
Let y(p) = -p**3 + 20*p**2 - 18*p - 12. Let t(j) = 2*j**2 + 1. Let i be t(-3). Let h be y(i). Let r(q) = -q**3 + 8*q**2 - 10*q + 4. Calculate r(h).
-17
Let m(y) = y**3 - 6*y**2 - 6*y - 1. Let t be m(7). Let i(g) = 13*g + 23. Let z(s) = -7*s - 12. Let f(k) = t*i(k) + 11*z(k). Give f(-7).
-1
Let n(b) = -b**2 + 2*b + 8. Let k be n(4). Suppose k = l - 2*l. Let v(h) = -h**2 - 7. Calculate v(l).
-7
Let w(q) be the second derivative of -13*q - 5/12*q**4 - 1/20*q**5 - q**3 + 0 - 2*q**2. What is w(-4)?
4
Let w be (0 - (2 - 2))/(-2). Suppose w = 7*i - 26 - 2. Suppose 3*l = 4*l + i. Let z(t) = -t - 6. What is z(l)?
-2
Let a(o) = -o**2 + 4*o. Let k(z) = -6*z**2 + 17*z - 3*z + 5*z. Let y(j) = -11*a(j) + 2*k(j). What is y(-6)?
0
Let d(r) = r**2 - 2*r. Let v(u) = -u - 8. Let l(a) = a + 8. Let g(b) = -3*l(b) - 2*v(b). Let i be g(-7). Let j be i/((21/(-12))/7). What is d(j)?
8
Let l(n) = -n**2 + 9*n - 7. Let g = -1 + 19. Suppose 13*y - 10*y - g = 0. Suppose -3*z + y*z = 4*o + 19, 2*o = -2. What is l(z)?
13
Suppose 13*d + 18 = 11*d. Let s(m) = -m**3 - 10*m**2 - 7*m + 11. Calculate s(d).
-7
Let y(g) = -4*g + 17 - 2*g**2 + 23 - 3*g - 46. Give y(-5).
-21
Suppose 17*x - 37 = -37. Let s(d) be the third derivative of -7/120*d**6 - 10*d**2 + x + 0*d + 1/60*d**5 + 0*d**4 - 1/6*d**3. Determine s(-1).
7
Suppose 0 = -29*j - 2*j. Let i(m) = -m + 10. Calculate i(j).
10
Let l(m) be the first derivative of 6*m - 4*m**2 - 4*m - 2 - 5*m + 7*m**2. What is l(2)?
9
Let s(j) = j + 8. Let u(m) = -2*m**2 + 4*m. Let h be u(3). Let c(g) = g**3 + 7*g**2 + 7*g + 8. Let y be c(-6). Let o = y + h. Give s(o).
4
Let b(z) = 34 + 78*z - 23*z - 26*z - 31*z. Calculate b(18).
-2
Let j(g) = -g**2 + 9*g. Let t be ((-22)/66)/(-2 + (-26)/(-12)). Let z be 1580/180 + 0 + t/(-9). What is j(z)?
0
Let c(r) = -9*r - 77. Let f be c(-9). Let z(t) be the first derivative of f + 5/4*t**4 - t + t**2 + 0*t**3. Give z(1).
6
Let j = 11 - 13. Let i(f) = 6*f**2 - 25*f**2 - f**3 - 2*f + 2 + 4*f**2 + 13*f**2. Determine i(j).
6
Let k(u) = 6*u**2 + 1. Suppose -110*n - 3*n = 113. Determine k(n).
7
Let z(y) be the third derivative of -1/24*y**4 + 0*y**3 + 0 + 4*y**2 + 0*y. Let w(u) = 6*u - 2. Let k(h) = w(h) + 5*z(h). Give k(4).
2
Let j = -11 + 31. Suppose -6*a + j + 88 = 0. Let b(r) = -4*r**2 - 19*r - 1 + 11*r**2 + 0 + a*r. Calculate b(-1).
7
Let s(m) = -12*m + 4*m + 8 + 0*m - m**2 + 2*m. Calculate s(-6).
8
Let u(m) be the first derivative of -m**4/4 + m**3 + m**2 + 7*m + 123. Calculate u(3).
13
Let c(s) = -s**2 + 4*s**2 - 14*s + s - s**2 - 7. Let y(d) = -3*d**2 + 20*d + 11. Let o(u) = 8*c(u) + 5*y(u). Give o(6).
11
Let j(d) = -d**2 - 5*d - 2. Let l = -713 + 711. Determine j(l).
4
Suppose -11*q + 4*x = -7*q - 32, -3*q + 34 = -5*x. Suppose 20 = 2*v + q*v. Let g(z) = 3*z - 5. Calculate g(v).
7
Let m = 6 - 0. Let d(p) = -p**3 + 11*p**2 - 11*p + 13. Let b be d(10). Suppose -2*x = -x + h + m, 0 = b*h + 9. Let o(i) = -i - 2. Determine o(x).
1
Let t(k) = k**3 + 4*k**2 + 3*k + 4. Let f = 55 - 53. Suppose c = 2*d - 0*c + 3, -f*c - 10 = 0. Calculate t(d).
-8
Let q(l) = -3*l**2 + l**3 + 0*l**2 - 10*l**2 - 3*l**2 + 18*l**2. Calculate q(-3).
-9
Let b(j) = 2*j - 3 - j**3 + j**2 - 1 - 4*j**2. Let h = 23 - 3. Suppose -4*p - h = p. Give b(p).
4
Let j(q) be the first derivative of -q**2/2 - 3*q + 1. Suppose -5*m + 2*m + 5*b = 26, -39 = 5*m - 4*b. Calculate j(m).
4
Let m(s) = s**2 + 2*s. Let c(q) = 13*q - 11. Let z be c(9). Let x = -110 + z. Calculate m(x).
8
Let f(w) = -280*w**2 + 63. Let i(b) = -9*b**2 + 2. Let u(c) = -2*f(c) + 63*i(c). Suppose -2*d = -10, 4*g - 5*d - 11 = -8*d. Give u(g).
-7
Let q(x) = -x - 26. Let m(d) = -d**2 + 16*d + 62. Let s be m(-4). What is q(s)?
-8
Let j = -14 + 23. Let p be (8 - j)/((-1)/2). Let q(n) = n - n**p - 5 + n + 4*n + 10. What is q(6)?
5
Let t be (-1 - (-8 + 3))*-1. Let o(c) = c + 3 - 2 - 2 - c**2. Let b(l) = l - 1. Let w(h) = 6*b(h) - o(h). What is w(t)?
-9
Let s(c) = -11*c**3 - 9*c**2 - c + 6. Let z(x) = 5*x**3 + 5*x**2 - 3. Let j(b) = 3*s(b) + 5*z(b). Let o(l) = -l**3 - l. Let q(g) = j(g) - 6*o(g). What is q(-2)?
5
Let r be (3*(-1)/(-3))/(5 - 4). Let c(z) = -6*z - r + 0*z + 4*z + 4*z. Determine c(4).
7
Let o(g) = g**2 - 12*g + 12. Let n = -1363 + 1374. What is o(n)?
1
Suppose 0 = 4*o - 0*o - 20. Suppose o*g - 4 = 3*g. Suppose -4*n - 2 = 2*a - 5*a, -g*a - 2*n - 22 = 0. Let f(h) = -2*h - 8. Determine f(a).
4
Let f(d) be the third derivative of -d**8/6720 - d**7/840 + d**6/360 - d**5/30 - 3*d**4/8 + 11*d**2. Let k(i) be the second derivative of f(i). Calculate k(-3).
-10
Let w(q) = -3*q**3 - 24*q**2 - 37*q + 25. Let u(d) = d**3 - 3*d. Let n(k) = 2*u(k) + w(k). What is n(-22)?
3
Let k(p) = 2*p**2 - 8*p + 1. Suppose 9*l - 5 = 7*l - 3*h, 23 = 2*l - 3*h. Determine k(l).
43
Let a(u) = u**3 - 3*u**2 - 37*u - 13. Let h be a(8). Let z(i) = i**3 - 10*i**2 - 9*i - 10. Determine z(h).
12
Let l(h) = 7 - 10 + 0*h - 11 + 2*h. Determine l(11).
8
Let r(x) = 3*x**2 - 8. Suppose 0 = 4*v + i + 15, 4*v + 27 = -5*i. Let k(t) = -4*t**2 + 9. Let s(o) = v*r(o) - 2*k(o). Calculate s(0).
6
Let m(w) = 1 - 29*w**2 - 29*w**2 + 79*w**2 - 27*w**2. Suppose 3*p - 3 = 2*f, -2*f - 3*f - 13 = -2*p. Calculate m(p).
-5
Let j(f) be the second derivative of f**4/12 - 7*f**3/3 + 15*f**2 - 2*f + 134. Determine j(12).
6
Let v be 39/9 + ((-6)/(-9) - 1). Let p be 6*(1 + 0) + (-4)/v. Let k(q) = -q**2 + 6*q - 6. Determine k(p).
-1
Let b(v) = -v**3 + 15 - v - v - 9 - 9*v**2. Determine b(-9).
24
Suppose 0 = v + h - 4, -3*h = 15*v - 17*v + 23. Let c(r) = -r**3 + 8*r**2 - 7*r - 5. Calculate c(v).
-5
Let y(o) = -o - 4. Suppose 3*n - 27 = -3*b, 4*n - 25 = -5. Suppose b*u - 3*u + 1 = 0. Let f(i) = -i. Let x(p) = u*y(p) + 2*f(p). Determine x(-3).
7
Let w = 224 + -229. Let f(d) = d**3 + 4*d**2 - 6*d. Give f(w).
5
Let i(w) = 2*w - 5 + 5 + 2 + 3 + 7. Calculate i(-8).
-4
Let w(c) = c - 3. Let g be (1 - (-74)/(-8))/((-3)/12). Let f = g - 28. Calculate w(f).
2
Let z(x) = -13*x - 2. Let c(r) = -7*r - 9. Let v(y) = 14*y + 16. Let o(q) = -7*c(q) - 4*v(q). Let d(m) = -9*o(m) + 4